eatest common factor of 3 and 66744.
3
What is the greatest common divisor of 41405 and 26117?
637
What is the highest common factor of 5190 and 78?
6
What is the greatest common factor of 53 and 7558383?
53
What is the highest common divisor of 1664 and 25552?
16
What is the highest common divisor of 420 and 100188?
12
What is the greatest common divisor of 273 and 2800?
7
Calculate the greatest common divisor of 14 and 188447.
7
Calculate the greatest common divisor of 12 and 535676.
4
What is the highest common divisor of 50 and 8590?
10
What is the greatest common factor of 350 and 4751950?
350
What is the highest common factor of 26 and 337116?
26
What is the highest common divisor of 299 and 9113?
13
Calculate the greatest common divisor of 87292 and 3058.
278
Calculate the highest common factor of 2 and 421871.
1
Calculate the highest common divisor of 1319994 and 234.
234
What is the greatest common factor of 4185 and 2263?
31
What is the greatest common divisor of 11 and 413369?
11
What is the highest common factor of 116 and 3524?
4
What is the highest common factor of 38760 and 1032?
24
What is the highest common divisor of 31290 and 840?
210
What is the highest common divisor of 14664 and 22880?
104
What is the greatest common factor of 22 and 142230?
22
What is the greatest common factor of 1092198 and 696?
174
What is the highest common divisor of 115904 and 128?
64
What is the highest common divisor of 468 and 475344?
36
Calculate the highest common factor of 348257 and 86.
43
Calculate the highest common divisor of 1661 and 22792.
11
What is the greatest common factor of 2401 and 265139?
343
What is the highest common divisor of 2365 and 891?
11
What is the greatest common factor of 2622 and 87837?
1311
What is the greatest common divisor of 15489 and 2?
1
What is the greatest common factor of 14219 and 1239?
59
What is the highest common divisor of 155620 and 31000?
620
Calculate the highest common divisor of 20 and 219290.
10
Calculate the highest common divisor of 44 and 1102970.
22
Calculate the highest common divisor of 12064 and 192.
32
What is the greatest common divisor of 12 and 3918?
6
What is the greatest common divisor of 1914 and 6303?
33
What is the greatest common divisor of 2316510 and 126?
126
Calculate the highest common divisor of 6029579 and 381.
127
What is the highest common divisor of 18779 and 4183?
89
Calculate the greatest common factor of 66 and 2908.
2
What is the highest common factor of 4043 and 33899?
311
Calculate the greatest common divisor of 20658 and 2838.
66
What is the greatest common divisor of 141 and 165063?
3
Calculate the greatest common factor of 15156 and 2028.
12
Calculate the greatest common factor of 72 and 28845.
9
Calculate the highest common divisor of 275 and 203995.
55
Calculate the highest common divisor of 940 and 270532.
188
What is the greatest common divisor of 46370 and 10?
10
Calculate the greatest common factor of 72 and 5364756.
36
Calculate the greatest common divisor of 180 and 1602780.
60
What is the highest common factor of 602 and 3096?
86
What is the highest common factor of 421 and 24839?
421
What is the highest common factor of 12 and 2103?
3
Calculate the greatest common factor of 66 and 12498.
6
What is the greatest common factor of 12265 and 1155?
55
What is the greatest common factor of 2891 and 1711?
59
Calculate the greatest common divisor of 38 and 140144.
38
What is the highest common factor of 288 and 946208?
32
Calculate the greatest common divisor of 173 and 3731437.
173
Calculate the highest common divisor of 154 and 862664.
22
Calculate the highest common factor of 11778 and 17862.
78
What is the highest common divisor of 19065 and 21545?
155
What is the highest common divisor of 243 and 18855?
9
What is the highest common divisor of 240 and 34248?
24
Calculate the highest common factor of 28680 and 1920.
120
Calculate the highest common divisor of 151246 and 94.
94
Calculate the highest common divisor of 540 and 12660.
60
What is the greatest common factor of 20 and 28?
4
Calculate the highest common divisor of 4870761 and 21.
21
Calculate the greatest common factor of 11 and 11643720.
11
Calculate the highest common factor of 801128 and 5028.
1676
Calculate the greatest common divisor of 19284 and 216.
12
Calculate the highest common divisor of 4469 and 27686.
109
What is the greatest common factor of 9828 and 69147?
351
Calculate the highest common factor of 54 and 93.
3
What is the highest common divisor of 1742929 and 58?
29
What is the greatest common factor of 15380 and 355?
5
Calculate the highest common factor of 89298 and 1584.
198
What is the highest common factor of 384 and 4128?
96
What is the greatest common divisor of 162 and 2133?
27
What is the greatest common factor of 63481 and 145?
29
What is the greatest common divisor of 763166 and 652?
326
Calculate the greatest common factor of 12 and 22782.
6
What is the highest common divisor of 172565 and 10?
5
What is the greatest common factor of 66950 and 59150?
650
What is the greatest common factor of 68 and 9066508?
68
What is the highest common factor of 1058533 and 268?
67
What is the highest common factor of 140973 and 2055?
411
Calculate the greatest common factor of 373 and 11059823.
373
Calculate the highest common factor of 4635 and 9585.
45
What is the highest common divisor of 2524597 and 6284?
1571
What is the highest common factor of 39 and 28327?
13
Calculate the greatest common factor of 640192 and 5824.
448
Calculate the highest common divisor of 156 and 404573.
13
What is the highest common factor of 71397 and 117?
9
What is the highest common factor of 88 and 8000?
8
Calculate the highest common divisor of 33 and 19679.
11
What is the highest common divisor of 1034 and 102883?
517
Calculate the greatest common factor of 34 and 101452.
2
What is the highest common factor of 179 and 529?
1
What is the highest common factor of 5616 and 300976?
208
What is the greatest common divisor of 123 and 1410441?
123
What is the highest common factor of 29893 and 895?
179
Calculate the greatest common factor of 13068 and 1056.
132
Calculate the greatest common divisor of 208 and 5674864.
208
What is the highest common factor of 8140 and 294?
2
Calculate the greatest common factor of 7024 and 3073.
439
What is the greatest common factor of 154 and 173866?
154
Calculate the greatest common divisor of 347 and 4283021.
347
Calculate the highest common divisor of 1042 and 1762.
2
What is the greatest common factor of 546 and 8022?
42
Calculate the highest common divisor of 1319961 and 213.
213
What is the highest common divisor of 30351 and 804?
201
Calculate the highest common divisor of 195 and 72215.
65
Calculate the greatest common divisor of 60963 and 21.
21
What is the greatest common factor of 12188 and 1507?
11
What is the greatest common factor of 9 and 5618151?
9
Calculate the greatest common factor of 225 and 1353600.
225
What is the highest common factor of 303 and 32926?
101
What is the greatest common divisor of 978 and 83782?
326
What is the greatest common factor of 130 and 20917?
13
Calculate the highest common factor of 32409 and 10413.
117
What is the highest common divisor of 2256 and 21872?
16
What is the highest common divisor of 17 and 737579?
17
What is the greatest common divisor of 86 and 28466?
86
What is the highest common factor of 12870 and 1980810?
1170
Calculate the highest common factor of 918 and 294474.
102
What is the greatest common factor of 10098751 and 533?
533
What is the highest common factor of 8918 and 676?
26
Calculate the highest common factor of 147 and 179298.
21
Calculate the highest common factor of 8232 and 105.
21
What is the greatest common divisor of 273 and 182026?
13
What is the highest common factor of 51289 and 1020?
17
What is the highest common divisor of 65197 and 110?
11
Calculate the highest common factor of 216 and 37032.
24
What is the greatest common divisor of 3586 and 17710?
22
What is the greatest common divisor of 259441 and 91?
91
Calculate the highest common factor of 171 and 2799.
9
What is the highest common divisor of 27387 and 1989?
153
What is the highest common divisor of 37368 and 88?
8
What is the hi